 z be m(-4). Let r = z + -110. Calculate the remainder when r is divided by 15.
14
Let i = -12 + 29. Calculate the remainder when i is divided by 9.
8
Suppose -u = -2*f - 5, -5*f = 4*u - 0*u + 6. Calculate the remainder when 8 is divided by u.
0
Let y = -7 + 15. Suppose 4*q = 28 + y. Let g = 20 - 3. What is the remainder when g is divided by q?
8
Let i = 65 + 37. Calculate the remainder when i is divided by 26.
24
Suppose 3*i + 696 = 7*i. Calculate the remainder when i is divided by 44.
42
Let h = -7 + 3. Let l(a) = -a**3 - 3*a**2 + 2*a + 4. Let x be l(h). Let w = x - 7. Calculate the remainder when 14 is divided by w.
4
Let c(r) be the second derivative of r**5/20 + 5*r**4/6 + 4*r**3/3 - r**2/2 + r. Calculate the remainder when c(-9) is divided by (-10)/(-4)*4/2.
3
Let j = 22 - 14. Suppose j = 4*i - 3*i. Calculate the remainder when 22 is divided by i.
6
Suppose 63 = 2*h + h. What is the remainder when 62 is divided by h?
20
Suppose 3*r - 60 = -2*r. Calculate the remainder when 21 + (2/1)/2 is divided by r.
10
Suppose 32 = -i + 5*i. Let o(t) = -t**2 - 19*t - 18. What is the remainder when o(-16) is divided by i?
6
Calculate the remainder when 3 is divided by (-1)/(-3) + (-2)/(-3).
0
Let s(r) = r**2 - 10*r + 24. Calculate the remainder when 21/9*-4*-3 is divided by s(9).
13
Let t = -46 + 77. Suppose 0*r = -r - 3. What is the remainder when t is divided by (-4 - 0) + 18 + r?
9
Let f be (-1 - (-1 + -3)) + -6. What is the remainder when f/(-6) - (-57)/2 is divided by 8?
5
Suppose -5*n - 4 - 11 = -4*z, 4*z - 20 = 0. Let o = -4 + n. Calculate the remainder when (2 + o)/(3/(-15)) is divided by 2.
1
Let o = -82 + 87. Calculate the remainder when 19 is divided by o.
4
Let g(o) = 22*o - 30. Calculate the remainder when g(5) is divided by 21.
17
Let i be 0*(-1)/((-3)/(-3)). Calculate the remainder when (2 + i)/(4/146) is divided by 19.
16
Suppose 3*m = x + 75, -2*x + 18 = m - 0*x. What is the remainder when 35 is divided by 2/1 + -14 + m?
11
Suppose 9 = 2*g + y, -g - 11 = -5*g + 5*y. Let j = 14 - g. Calculate the remainder when 39 is divided by j.
9
Let i be (0 - 4)*134/(-8). Let h = i + -43. Let k(z) = z**2 - 5*z - 11. Calculate the remainder when h is divided by k(8).
11
Let u = 158 + -99. Calculate the remainder when u is divided by 15.
14
Let k be 3/(-6)*-2*3. Suppose -k*v + 2*v = -27. Suppose -4*r = 3*f - v, -4*f - r + 29 - 6 = 0. Calculate the remainder when 13 is divided by f.
3
Let u = -2 + 5. Suppose 136 = -3*d + 157. What is the remainder when d is divided by u?
1
Suppose 2*u - 3 - 1 = -2*s, 5*u + 5 = 0. Suppose -s*q = -q - 56. Let f(m) = -3*m. Calculate the remainder when q is divided by f(-5).
13
Let a be 9/12 - (-2)/8. Let g be (-8)/(a/((-2)/2)). Suppose -2*w + 16 = 2*w - 4*i, -2*w = -5*i - g. Calculate the remainder when 11 is divided by w.
3
Let c = -8 - -5. Let j be ((-2)/c)/((-2)/(-9)). Suppose -23 = -j*m + 2*m. What is the remainder when m is divided by 12?
11
Let j(q) = -q**2 - 11*q + 11. What is the remainder when 42 is divided by j(-11)?
9
Let o = 22 + -60. Let p = -23 - o. Let l(q) = 7*q. What is the remainder when l(4) is divided by p?
13
Suppose 3*m = -4*c - 15, -c + 4 + 1 = -m. What is the remainder when 10/(-4)*52/m is divided by 7?
5
Suppose -5*z + 210 = -0*z + 3*c, 0 = -c. Suppose -z - 3 = -3*q. Calculate the remainder when (-5)/((-15)/132) - 1 is divided by q.
13
Let i = 35 + 40. Let l = i + -45. Calculate the remainder when l is divided by 8.
6
Suppose 5*i - 2 = -0*j - j, -3*i = 3. What is the remainder when 13 is divided by j?
6
Suppose 32 = w + 3*w. Calculate the remainder when 14 is divided by w.
6
Suppose 10*j + 3*j - 104 = 0. What is the remainder when 93 is divided by j?
5
Suppose 251 = 5*o - 54. Let y(h) = h**3 - 5*h**2 + 3*h + 5. Let w be y(5). Suppose w + 12 = 2*a. Calculate the remainder when o is divided by a.
13
What is the remainder when 59 is divided by (-183)/(-12) - 2/(6 - -2)?
14
Suppose -8*l = -238 + 38. Let s = -14 + 23. What is the remainder when l is divided by s?
7
Let a = -17 + 35. Suppose -3*c - 4695 = -0*c. What is the remainder when c/(-30) + 1/(-6) is divided by a?
16
Suppose -t = s - 11, -4*t + 2*s + 13 + 13 = 0. Let r(w) = -2 + 0 + 2*w - 6*w. Calculate the remainder when r(-6) is divided by t.
6
What is the remainder when 141 is divided by (-12)/28 - 1/((-21)/765)?
33
Let j = -6 - -12. Let w(s) = 3*s**2 - 3*s - 8. Calculate the remainder when w(j) is divided by 21.
19
Suppose 0 = -5*m - 4*z + 153, 6*m - 8*m = 2*z - 62. Calculate the remainder when m is divided by 16.
13
Suppose i - 175 = 6*i. Let q = 63 + i. Suppose 0 = -p - 4*p + 50. Calculate the remainder when q is divided by p.
8
Suppose -3*c = -3*b - 435, 476 = 3*c + 4*b + 62. Let r = -94 + c. Calculate the remainder when r is divided by 17.
14
Suppose -d = t - 0*d - 48, -168 = -3*t + 5*d. Suppose 4*s - t = -3*i + 11, 5*i = -5*s + 95. Let p = 22 - -5. Calculate the remainder when p is divided by i.
13
Let k(b) = b - 6. Let h be k(9). Suppose -h*s - 57 = -2*m, 4*m - 2*s - 122 = -4*s. What is the remainder when 117 is divided by m?
27
What is the remainder when 0 - 2/6*8*-3 is divided by 5?
3
Suppose 4*y - 24 = 2*y. Calculate the remainder when 34 is divided by y.
10
Suppose 3*t - 7*t + 52 = 4*s, -2*t + 41 = -3*s. Let x = 2 + 4. Suppose 2*u - x = 6. What is the remainder when t is divided by u?
4
Let g(c) = -c**3 - 4*c**2 + 10. Calculate the remainder when -38*(0 + -1)/1 is divided by g(-4).
8
Suppose a - 25 - 13 = 0. What is the remainder when 73 is divided by a?
35
Let w(j) = 86*j**2 - j - 1. Let b(y) = -6*y - 14. Calculate the remainder when w(-1) is divided by b(-6).
20
Let o = 24 - 14. Let z(p) be the first derivative of -p**4/4 + 7*p**3/3 - 2*p**2 - 3*p + 1. Calculate the remainder when z(4) is divided by o.
9
Suppose -66 = -4*y + 82. Suppose -5*s + 40 = 2*q, 2*q - 5*s = -3*q + 30. Calculate the remainder when y is divided by q.
7
Let x = 122 + -47. What is the remainder when x is divided by 26?
23
Suppose 7*c - 4*k - 104 = 3*c, 2*c - 5*k = 37. What is the remainder when c is divided by 8?
7
Suppose 0 = 2*a - 4*c - 64, 3*c - 21 = 3*a - 108. Calculate the remainder when a is divided by 14.
12
Suppose -6 - 3 = -3*a. What is the remainder when 4 is divided by a?
1
Suppose -5*u + 183 = 43. Calculate the remainder when u is divided by 10.
8
What is the remainder when 44 is divided by ((-9)/4)/(5/(-20))?
8
Let p = 7 + -1. Let n(j) = -j**2 + 9*j - 8. What is the remainder when (9/12)/((-6)/(-76))*2 is divided by n(p)?
9
Suppose 2*i + 2*w - 100 = 0, 3*i - 2*w - 123 = 47. Let b = 20 + i. What is the remainder when b is divided by 19?
17
Let q(j) = j**2 - 6*j + 8. Let n be q(6). Suppose 5*g = -5*m + 45, n*g - 3*g - 45 = -4*m. What is the remainder when 34 is divided by g?
7
What is the remainder when 69 is divided by 22 + (4/(-1) - 0)?
15
Let v(u) = -3*u + 1. Let c(o) = o**3 - 6*o**2 - 7*o - 1. Let z be c(7). What is the remainder when 15 is divided by v(z)?
3
Let y be ((-123)/6)/(1/(-2)). Let z = -17 + y. Calculate the remainder when 70 is divided by z.
22
Calculate the remainder when 34 is divided by 54/21*(-14)/(-3).
10
Let v(d) = 2*d**3 - 4*d**2 + 3*d - 4. Let w = 100 + -92. Calculate the remainder when v(3) is divided by w.
7
Let n(o) = -o**3 - 10*o**2 + 10*o - 1. Let c(j) = j**3 + j**2 - j. Let p(h) = 2*c(h) + n(h). What is the remainder when (-12)/30 + 399/35 is divided by p(7)?
5
Suppose -9*v + 13 + 68 = 0. Calculate the remainder when 32 is divided by v.
5
Let z(b) = -b**3 - 6*b**2 - 5*b - 3. Let m be z(-5). What is the remainder when 38 is divided by ((-10)/m + 0)*3?
8
Suppose 5*x - 46 = -s, 5*s - s + 36 = 2*x. Let i(p) = -p**3 + 4*p**2 + 7*p - 6. What is the remainder when x is divided by i(5)?
2
Let u = 3 + 2. Let m(k) = -k**2 - 4*k + 4. Let q be m(-5). Let x = 4 + q. Calculate the remainder when u is divided by x.
2
Let u(p) = p**3 - 4*p**2 + 5*p - 4. Let g be u(3). Suppose -g*w + 65 = 3*w. What is the remainder when w is divided by 0 - (1 - 1) - -7?
6
Let t be (-260)/(-22) + 12/66. Calculate the remainder when 58/(-2*(-4)/t) is divided by 30.
27
Let d be (-7)/(-14) + 31/2. Let f = d - 2. What is the remainder when f is divided by 5?
4
Calculate the remainder when ((-3)/6)/((-1)/206) is divided by 26.
25
Let a = 7 + -15. Let i(m